3849 a composite number?
False
Is 2252126585 a composite number?
True
Is 496213969673 prime?
True
Is 6343976533 composite?
False
Is 14317188689 composite?
False
Is 4724574611 a prime number?
True
Is 40377919607 composite?
False
Is 37621537467 composite?
True
Is 207848646449 composite?
True
Is 7473938587 composite?
True
Is 1631423477 prime?
False
Is 36401456857 a prime number?
True
Is 706192691 a prime number?
True
Is 11082034603 prime?
True
Is 2542587197 a composite number?
False
Is 31461393563 prime?
True
Is 49468077569 prime?
True
Is 3051829057 a composite number?
True
Is 139933774499 composite?
False
Is 36918182866 a composite number?
True
Is 733526023 composite?
False
Is 11762117 prime?
True
Is 16870770779 prime?
False
Is 1570019567 a composite number?
False
Is 13028980049 a prime number?
False
Is 3217145887 prime?
False
Is 13372187839 composite?
True
Is 1894627417 a composite number?
True
Is 11099281859 composite?
False
Is 1128899623 a prime number?
False
Is 7068447223 a prime number?
False
Is 2162033147 composite?
True
Is 24467911927 a prime number?
True
Is 993823799 composite?
False
Is 224342717 composite?
False
Is 178319643953 prime?
False
Is 9501750091 a prime number?
True
Is 1351246157 prime?
True
Is 94954631 a prime number?
True
Is 13293200981 composite?
False
Is 488508029 composite?
True
Is 11257867027 a prime number?
False
Is 7185668297 composite?
False
Is 3512959657 a prime number?
True
Is 592507093 prime?
True
Is 25962641239 composite?
True
Is 39036619363 prime?
False
Is 14473037129 composite?
False
Is 7385471909 composite?
False
Is 7860823063 composite?
False
Is 65922491 composite?
False
Is 383231171 composite?
False
Is 834882409 prime?
True
Is 2017634557 composite?
False
Is 1108769647 prime?
True
Is 279205423 prime?
False
Is 86321355421 prime?
False
Is 1449373181 a composite number?
True
Is 45017835257 composite?
False
Is 13251927977 prime?
True
Is 1720969057 a composite number?
True
Is 15385551277 a prime number?
False
Is 1301930831 prime?
False
Is 502045909 a composite number?
True
Is 2056818482 prime?
False
Is 14899438933 a composite number?
True
Is 206014847 a prime number?
True
Is 180119959331 a prime number?
False
Is 6031828567 composite?
False
Is 437256005 composite?
True
Is 5924316953 a prime number?
True
Is 1686093527 a prime number?
True
Is 25778771913 composite?
True
Is 103451835871 a composite number?
True
Is 3477968947 composite?
False
Is 311071561 composite?
True
Is 30218607593 prime?
True
Is 86769501745 prime?
False
Is 11342711363 composite?
True
Is 12355246579 prime?
False
Is 353402233 a prime number?
False
Is 309760891 prime?
False
Is 438170851 a composite number?
False
Is 1620708751 a composite number?
True
Is 5400190487 prime?
False
Is 504370847 a prime number?
False
Is 266678617 a composite number?
False
Is 535421179 composite?
True
Is 272953381 a composite number?
False
Is 3785674367 a composite number?
False
Is 346841611 composite?
False
Is 4700122081 prime?
True
Is 290541893 a composite number?
False
Is 32056369 prime?
True
Is 269946319 a composite number?
True
Is 660761071 a prime number?
False
Is 7709370553 composite?
True
Is 3790813321 composite?
False
Is 1387289503 prime?
False
Is 72130619971 a prime number?
True
Is 6285844021 a prime number?
True
Is 231470363 composite?
True
Is 152225157787 a composite number?
False
Is 33805621 a prime number?
True
Is 387787237 a prime number?
True
Is 1225573717 a prime number?
True
Is 1665960041 a prime number?
False
Is 1635611807 a composite number?
False
Is 1201427099 prime?
True
Is 17819014007 prime?
True
Is 10190195681 prime?
True
Is 167706339079 a composite number?
False
Is 1316444617 a composite number?
False
Is 182931467 composite?
False
Is 2282566639 a composite number?
True
Is 2989517651 composite?
False
Is 6289128259 composite?
False
Is 11062726349 prime?
False
Is 173630059733 prime?
False
Is 23495300407 a prime number?
True
Is 131685351131 a prime number?
True
Is 4920877019 prime?
True
Is 1302816818 a prime number?
False
Is 22653456271 composite?
False
Is 9950507557 prime?
False
Is 3719569697 a prime number?
False
Is 15662505227 composite?
True
Is 567904943 prime?
False
Is 9495966677 a prime number?
True
Is 28253177101 a composite number?
True
Is 88928557033 a prime number?
True
Is 10716430531 a composite number?
True
Is 83635687973 a prime number?
True
Is 120225684577 prime?
True
Is 20083399751 composite?
False
Is 10337040911 a composite number?
False
Is 475769929 a composite number?
False
Is 2021346543 composite?
True
Is 33725598337 a prime number?
False
Is 26537460773 a prime number?
False
Is 70419594209 a composite number?
False
Is 69894529 a composite number?
False
Is 3829266187 a prime number?
False
Is 48482616089 prime?
True
Is 1307081017 composite?
True
Is 22440179 a composite number?
False
Is 4019678027 prime?
False
Is 10635668269 a composite number?
False
Is 37264488973 composite?
False
Is 217168561 composite?
False
Is 9817118399 prime?
False
Is 58529525291 composite?
False
Is 1320628313 a prime number?
False
Is 947818367 prime?
True
Is 82595615189 prime?
True
Is 1821162107 a composite number?
False
Is 154903133513 a prime number?
True
Is 2925581917 a composite number?
False
Is 4626930857 a composite number?
True
Is 1948868843 a composite number?
False
Is 3300535741 prime?
True
Is 697576837 composite?
True
Is 191462534762 prime?
False
Is 480464423 prime?
False
Is 31273043287 a composite number?
True
Is 3100638097 a composite number?
False
Is 18533897849 a prime number?
False
Is 57078724349 a composite number?
True
Is 41086965643 prime?
False
Is 10409126393 prime?
True
Is 43774669241 a composite number?
False
Is 39044704511 composite?
False
Is 1120554959 a prime number?
True
Is 547303451 a prime number?
False
Is 19122221185 composite?
True
Is 17339453177 a prime number?
True
Is 4484054369 composite?
False
Is 2013270769 composite?
True
Is 20038018981 composite?
False
Is 9057669331 a prime number?
False
Is 2286903007 a composite number?
False
Is 12073546039 composite?
False
Is 1288806017 prime?
True
Is 7772338283 a prime number?
False
Is 140306869 composite?
False
Is 1166391563 a composite number?
False
Is 4568953469 a composite number?
False
Is 164756313439 composite?
True
Is 9607411217 prime?
True
Is 33729281 composite?
True
Is 12933377833 composite?
False
Is 14124608041 composite?
False
Is 468590417 a composite number?
True
Is 2881926743 composite?
True
Is 8443373858 prime?
False
Is 42768511411 a prime number?
True
Is 12985611007 a composite number?
True
Is 14139564733 composite?
True
Is 4740409831 prime?
True
Is 19949959977 a composite number?
True
Is 69946693 a composite number?
False
Is 290444591 prime?
False
Is 4711107299 a prime number?
True
Is 26116283 composite?
False
Is 2670822433 a composite number?
False
Is 3407386949 prime?
True
Is 241593805 a prime number?
False
Is 51632821 a composite number?
True
Is 87469816331 a composite number?
False
Is 249661523 prime?
False
Is 446608069 a prime number?
True
Is 1387155421 a prime number?
True
Is 1241787481 composite?
True
Is 22908656609 prime?
False
Is 1207351897 composite?
False
Is 887449757 a composite number?
True
Is 50766597283 a composite number?
True
Is 1479164367 a composite number?
True
Is 1301866051 composite?
True
Is 20137112879 a prime number?
False
Is 1374323399 a composite number?
True
Is 6563538343 prime?
False
Is 1194507851 prime?
True
Is 14862610537 composite?
True
Is 4608657127 a composite number?
False
Is 3025502173 a prime number?
False
Is 16530459163 prime?
True
Is 74867567 a prime number?
False
Is 15876057293 a composite number?
True
Is 32407813739 composite?
True
Is 904908799 prime?
True
Is 4945631797 prime?
False
Is 1668734213 prime?
False
Is 287092086319 composite?
False
Is 11488981001 prime?
False
Is 6579809359 a prime number?
True
Is 192151033 composite?
False
Is 7643094517 a composite number?
False
Is 4320299279 composite?
False
Is 25730041742 a composite number?
True
Is 409154506639 a prime number?
False
Is 1631709383 a prime number?
True
Is 93691560751 prime?
False
Is 10629992993 composite?
False
Is 15745239253 composite?
False
Is 606188497 composite?
False
Is 6885540331 composite?
True
Is 1227184577 a prime number?
True
Is 6763106123 composite?
False
Is 30184